ctor of 1121 and 57?
19
Calculate the greatest common factor of 208 and 39.
13
Calculate the highest common divisor of 4425 and 150.
75
Calculate the highest common divisor of 352 and 220.
44
What is the greatest common divisor of 600 and 75?
75
Calculate the highest common factor of 20 and 260.
20
Calculate the highest common divisor of 456 and 38.
38
What is the highest common divisor of 132 and 308?
44
Calculate the greatest common divisor of 68 and 1500.
4
What is the greatest common factor of 99 and 36?
9
Calculate the greatest common divisor of 33 and 121.
11
What is the greatest common factor of 2178 and 36?
18
What is the highest common factor of 30 and 588?
6
What is the greatest common factor of 427 and 7?
7
Calculate the greatest common factor of 11778 and 13.
13
What is the greatest common factor of 303 and 6?
3
What is the greatest common divisor of 10 and 1820?
10
Calculate the greatest common divisor of 324 and 198.
18
What is the greatest common divisor of 240 and 816?
48
Calculate the greatest common divisor of 3396 and 12.
12
Calculate the greatest common factor of 10 and 320.
10
What is the greatest common factor of 100 and 18325?
25
What is the greatest common factor of 21294 and 504?
126
What is the greatest common factor of 18046 and 56?
14
Calculate the highest common divisor of 204 and 24.
12
Calculate the greatest common divisor of 24760 and 8.
8
Calculate the highest common divisor of 3272 and 4.
4
What is the highest common divisor of 748 and 462?
22
Calculate the greatest common divisor of 167 and 35237.
167
Calculate the highest common divisor of 99 and 88.
11
Calculate the highest common divisor of 4819 and 316.
79
Calculate the greatest common divisor of 738 and 328.
82
What is the greatest common divisor of 2525 and 50?
25
What is the highest common factor of 188 and 2303?
47
What is the highest common divisor of 333 and 259?
37
What is the highest common divisor of 57 and 608?
19
What is the greatest common factor of 104 and 2977?
13
What is the greatest common factor of 81 and 459?
27
Calculate the greatest common divisor of 1485 and 110.
55
What is the highest common divisor of 12 and 28?
4
Calculate the greatest common divisor of 19 and 779.
19
What is the highest common factor of 66 and 110?
22
Calculate the greatest common factor of 1012 and 5313.
253
Calculate the greatest common divisor of 333 and 148.
37
What is the greatest common factor of 297 and 27?
27
Calculate the highest common factor of 1247 and 301.
43
What is the highest common factor of 897 and 31993?
299
What is the highest common factor of 421 and 1?
1
What is the greatest common divisor of 270 and 648?
54
Calculate the highest common divisor of 20 and 510.
10
What is the highest common divisor of 8670 and 30?
30
Calculate the greatest common divisor of 145 and 100.
5
Calculate the greatest common factor of 130 and 1066.
26
Calculate the greatest common factor of 31705 and 170.
85
Calculate the highest common factor of 341 and 155.
31
What is the greatest common factor of 32732 and 196?
196
Calculate the greatest common divisor of 368 and 1564.
92
What is the greatest common factor of 5124 and 360?
12
Calculate the greatest common divisor of 151 and 1.
1
Calculate the highest common factor of 1370 and 10.
10
Calculate the highest common factor of 2 and 86.
2
What is the highest common factor of 1725 and 825?
75
What is the highest common divisor of 1111 and 11?
11
What is the greatest common factor of 684 and 108?
36
What is the highest common factor of 2025 and 75?
75
Calculate the greatest common factor of 8950 and 50.
50
What is the greatest common factor of 824 and 8?
8
What is the highest common divisor of 56 and 24?
8
What is the greatest common divisor of 2782 and 78?
26
Calculate the greatest common divisor of 48 and 1506.
6
Calculate the greatest common factor of 346 and 8.
2
What is the highest common divisor of 1776 and 1392?
48
Calculate the greatest common factor of 50 and 3150.
50
What is the greatest common divisor of 1743 and 210?
21
Calculate the highest common divisor of 16 and 400.
16
Calculate the highest common factor of 16 and 424.
8
Calculate the highest common factor of 60 and 75.
15
What is the greatest common divisor of 964 and 19039?
241
What is the highest common factor of 1113 and 231?
21
What is the highest common divisor of 657 and 292?
73
What is the highest common divisor of 476 and 3196?
68
Calculate the highest common factor of 39070 and 10.
10
What is the greatest common factor of 378 and 11151?
189
Calculate the highest common divisor of 2 and 22.
2
What is the greatest common factor of 40 and 5?
5
What is the greatest common factor of 88 and 1928?
8
What is the highest common divisor of 1127 and 23?
23
What is the highest common factor of 192 and 376?
8
Calculate the greatest common factor of 94 and 282.
94
What is the highest common factor of 79 and 21251?
79
What is the greatest common divisor of 316 and 395?
79
Calculate the greatest common factor of 98 and 5908.
14
Calculate the highest common factor of 650 and 6370.
130
What is the highest common factor of 408 and 306?
102
Calculate the highest common divisor of 23 and 1725.
23
What is the highest common divisor of 18 and 1854?
18
What is the greatest common divisor of 195 and 2067?
39
What is the highest common factor of 131 and 917?
131
What is the highest common factor of 5 and 50?
5
Calculate the greatest common divisor of 484 and 16.
4
Calculate the highest common divisor of 40 and 4520.
40
Calculate the highest common factor of 2254 and 138.
46
What is the highest common factor of 24 and 8760?
24
What is the greatest common divisor of 1660 and 100?
20
What is the highest common divisor of 418 and 1102?
38
Calculate the greatest common divisor of 154 and 28.
14
Calculate the highest common divisor of 3072 and 6.
6
What is the highest common factor of 51 and 187?
17
What is the highest common divisor of 8 and 584?
8
Calculate the greatest common divisor of 6 and 6.
6
Calculate the greatest common factor of 26 and 104.
26
What is the highest common divisor of 122 and 15982?
122
Calculate the highest common factor of 68 and 221.
17
Calculate the greatest common factor of 458 and 5.
1
What is the greatest common factor of 56 and 21784?
56
What is the highest common divisor of 297 and 1089?
99
What is the highest common divisor of 16478 and 56?
14
What is the highest common factor of 20 and 65?
5
What is the greatest common divisor of 3 and 2?
1
Calculate the highest common divisor of 5126 and 22.
22
Calculate the highest common factor of 13 and 377.
13
Calculate the greatest common factor of 583 and 742.
53
What is the highest common factor of 1944 and 48?
24
Calculate the greatest common factor of 1606 and 154.
22
Calculate the highest common divisor of 77 and 3157.
77
What is the highest common factor of 80 and 20?
20
Calculate the highest common divisor of 48 and 1024.
16
Calculate the highest common divisor of 13 and 1053.
13
Calculate the highest common factor of 14 and 49.
7
What is the highest common factor of 615 and 300?
15
What is the greatest common factor of 610 and 20?
10
What is the greatest common divisor of 3618 and 270?
54
Calculate the highest common divisor of 11 and 352.
11
Calculate the greatest common factor of 957 and 29.
29
What is the highest common divisor of 8970 and 65?
65
Calculate the highest common factor of 33015 and 15.
15
What is the greatest common divisor of 170 and 17?
17
Calculate the greatest common factor of 609 and 435.
87
What is the highest common factor of 23 and 621?
23
What is the highest common factor of 17358 and 66?
66
What is the highest common divisor of 33 and 3608?
11
What is the highest common divisor of 3 and 1104?
3
What is the highest common factor of 567 and 42?
21
Calculate the greatest common factor of 2896 and 24.
8
Calculate the greatest common divisor of 50 and 100.
50
What is the greatest common divisor of 24 and 16368?
24
Calculate the greatest common divisor of 805 and 7.
7
What is the greatest common divisor of 1596 and 42?
42
Calculate the highest common factor of 344 and 11782.
86
Calculate the greatest common factor of 46 and 207.
23
Calculate the greatest common divisor of